ns digit of 1581355162?
1
What is the units digit of 3791218329?
9
What is the hundreds digit of 22903253?
2
What is the units digit of 195035423?
3
What is the hundreds digit of 108008032?
0
What is the hundred thousands digit of 27905322?
9
What is the hundred thousands digit of 14131553?
1
What is the thousands digit of 4850046514?
6
What is the millions digit of 46145776?
6
What is the tens digit of 1378523926?
2
What is the tens digit of 26380884?
8
What is the units digit of 2668438830?
0
What is the thousands digit of 110145648?
5
What is the hundred millions digit of 198187029?
1
What is the thousands digit of 98161062?
1
What is the ten millions digit of 999239943?
9
What is the hundred millions digit of 378784130?
3
What is the hundred millions digit of 7747475991?
7
What is the ten millions digit of 1040740070?
4
What is the tens digit of 242650539?
3
What is the millions digit of 36861585?
6
What is the hundred thousands digit of 624559507?
5
What is the tens digit of 477231295?
9
What is the ten millions digit of 13291581?
1
What is the units digit of 242921808?
8
What is the ten millions digit of 13794299?
1
What is the ten millions digit of 80641018?
8
What is the billions digit of 2193853649?
2
What is the hundred thousands digit of 1889341821?
3
What is the ten millions digit of 491184198?
9
What is the thousands digit of 632257656?
7
What is the ten thousands digit of 30554386?
5
What is the millions digit of 446146176?
6
What is the hundred millions digit of 269369298?
2
What is the ten millions digit of 29469924?
2
What is the thousands digit of 1849595732?
5
What is the hundred millions digit of 151978942?
1
What is the units digit of 346018351?
1
What is the ten thousands digit of 91054305?
5
What is the ten millions digit of 56570786?
5
What is the hundred thousands digit of 2791933663?
9
What is the ten millions digit of 3355485590?
5
What is the hundred thousands digit of 70527993?
5
What is the hundred thousands digit of 47700960?
7
What is the thousands digit of 10928861?
8
What is the hundreds digit of 33398213?
2
What is the thousands digit of 49542143?
2
What is the hundred thousands digit of 1986316930?
3
What is the hundreds digit of 520582251?
2
What is the ten millions digit of 28724600?
2
What is the ten thousands digit of 111756103?
5
What is the ten thousands digit of 966173557?
7
What is the tens digit of 103560853?
5
What is the tens digit of 38417915?
1
What is the tens digit of 47991766?
6
What is the ten thousands digit of 43452367?
5
What is the hundred millions digit of 565308995?
5
What is the units digit of 1701705858?
8
What is the hundred thousands digit of 1219985413?
9
What is the tens digit of 124066276?
7
What is the hundred thousands digit of 44905577?
9
What is the tens digit of 4991642?
4
What is the hundreds digit of 69812386?
3
What is the units digit of 3465415926?
6
What is the hundred thousands digit of 319454242?
4
What is the units digit of 39197724?
4
What is the tens digit of 637600206?
0
What is the ten millions digit of 956275951?
5
What is the millions digit of 438535958?
8
What is the ten thousands digit of 20851616?
5
What is the millions digit of 64279094?
4
What is the hundreds digit of 19628628?
6
What is the tens digit of 367755613?
1
What is the thousands digit of 519602760?
2
What is the hundred millions digit of 5417693081?
4
What is the millions digit of 12233563?
2
What is the units digit of 1989300123?
3
What is the hundred thousands digit of 93734485?
7
What is the thousands digit of 211311793?
1
What is the thousands digit of 431801540?
1
What is the units digit of 689138821?
1
What is the hundred thousands digit of 157484618?
4
What is the hundreds digit of 1662872393?
3
What is the ten millions digit of 411394751?
1
What is the ten millions digit of 10686501?
1
What is the millions digit of 105417399?
5
What is the millions digit of 1991835576?
1
What is the hundreds digit of 104141739?
7
What is the thousands digit of 375464859?
4
What is the ten millions digit of 293414924?
9
What is the hundred thousands digit of 98443642?
4
What is the millions digit of 1197734849?
7
What is the hundred thousands digit of 51263196?
2
What is the tens digit of 54015073?
7
What is the hundred millions digit of 1360310677?
3
What is the hundreds digit of 1044155?
1
What is the hundreds digit of 1663653833?
8
What is the tens digit of 373687608?
0
What is the thousands digit of 196012204?
2
What is the ten millions digit of 42581887?
4
What is the tens digit of 151835035?
3
What is the hundreds digit of 1048670871?
8
What is the hundred thousands digit of 197624727?
6
What is the hundred thousands digit of 20585691?
5
What is the hundreds digit of 6452700211?
2
What is the tens digit of 68246867?
6
What is the thousands digit of 6227140367?
0
What is the hundreds digit of 31944174?
1
What is the ten thousands digit of 1526883923?
8
What is the hundred thousands digit of 1778695937?
6
What is the hundred millions digit of 1364332112?
3
What is the ten millions digit of 192543421?
9
What is the ten thousands digit of 215583063?
8
What is the units digit of 306907362?
2
What is the tens digit of 426491422?
2
What is the tens digit of 243936178?
7
What is the hundreds digit of 36244466?
4
What is the hundred millions digit of 4986914056?
9
What is the hundred millions digit of 1465843059?
4
What is the millions digit of 47273294?
7
What is the ten thousands digit of 92798412?
9
What is the ten thousands digit of 81389335?
8
What is the millions digit of 53244003?
3
What is the ten thousands digit of 21866465?
6
What is the thousands digit of 124027389?
7
What is the tens digit of 48861681?
8
What is the units digit of 351072225?
5
What is the thousands digit of 4045998605?
8
What is the units digit of 255560348?
8
What is the hundreds digit of 66535280?
2
What is the ten thousands digit of 73280713?
8
What is the hundred thousands digit of 669266322?
2
What is the hundred millions digit of 139885695?
1
What is the units digit of 2817922956?
6
What is the units digit of 1328928181?
1
What is the thousands digit of 697354218?
4
What is the ten millions digit of 136881851?
3
What is the ten thousands digit of 18155808?
5
What is the millions digit of 1137311107?
7
What is the units digit of 184805271?
1
What is the thousands digit of 1873527?
3
What is the units digit of 3155047?
7
What is the ten millions digit of 846763230?
4
What is the ten millions digit of 56888238?
5
What is the millions digit of 12344547?
2
What is the tens digit of 4517441422?
2
What is the hundred thousands digit of 7068769?
0
What is the thousands digit of 50216997?
6
What is the thousands digit of 45083634?
3
What is the millions digit of 303949439?
3
What is the thousands digit of 131329165?
9
What is the thousands digit of 449550831?
0
What is the millions digit of 213357008?
3
What is the units digit of 26477761?
1
What is the ten millions digit of 384904428?
8
What is the ten millions digit of 1369267468?
6
What is the tens digit of 198050933?
3
What is the units digit of 56659381?
1
What is the ten millions digit of 105008382?
0
What is the tens digit of 209278116?
1
What is the tens digit of 94543453?
5
What is the ten thousands digit of 6124756?
2
What is the hundreds digit of 153047837?
8
What is the hundreds digit of 61239224?
2
What is the tens digit of 1112738351?
5
What is the hundreds digit of 3812098370?
3
What is the millions digit of 11331140?
1
What is the ten thousands digit of 401875759?
7
What is the thousands digit of 1880186559?
6
What is the millions digit of 526058543?
6
What is the hundreds digit of 2337559927?
9
What is the hundred thousands digit of 1523701335?
7
What is the millions digit of 97581928?
7
What is the units digit of 26799815?
5
What is the units digit of 8301974?
4
What is the hundred millions digit of 139300490?
1
What is the units digit of 123918029?
9
What is the hundred thousands digit of 880407213?
4
What is the ten millions digit of 28566178?
2
What is the ten millions digit of 978649264?
7
What is the units digit of 11786600?
0
What is the ten millions digit of 2131870084?
3
What is the tens digit of 141303681?
8
What is the hundred thousands digit of 723